{"id":5034,"date":"2019-04-18T11:02:42","date_gmt":"2019-04-18T09:02:42","guid":{"rendered":"http:\/\/www.ecolestjosephviriat.fr\/?page_id=5034"},"modified":"2019-04-18T12:08:22","modified_gmt":"2019-04-18T10:08:22","slug":"projet-detablissement","status":"publish","type":"page","link":"http:\/\/www.ecolestjosephviriat.fr\/?page_id=5034","title":{"rendered":"Projet d&#8217;Etablissement"},"content":{"rendered":"<p style=\"text-align: center;\" align=\"JUSTIFY\"><span style=\"font-size: medium;\">[vc_row css=&#8221;.vc_custom_1464939189923{padding-top: 72px !important;padding-bottom: 63px !important;background-position: center !important;background-repeat: no-repeat !important;background-size: cover !important;}&#8221; el_class=&#8221;jws_service_page&#8221;][vc_column]\t\t\t<div class=\"jws-title\">\n                <h1 class=\"    jws-title-underline jws-title-underline-1\" style=\"color: #222222\">\n                    Projet d'\u00e9tablissement de l'\u00e9cole St Joseph                <\/h1>\n\t\t\t\t<div class=\"icon-color icon-colorffca00 \"><i class=\"fa fa-pencil\" style=\"color:#ffca00\"><\/i><\/div>\n\t\t\t\t\t\t\t<\/div>\n\t\t\t<style>.icon-colorffca00:before,.icon-colorffca00:after{border-color:#ffca00!important;}<\/style>[vc_empty_space height=&#8221;60px&#8221;][vc_row_inner][vc_column_inner el_class=&#8221;service_item_1&#8243;]\t\t<div class=\"tb-service-wrap \">\n\t\t\n\t\t\t\t\t\t\t\t<div class=\"tb-service text-left tpl1\">\n\t\t\t\t\t\t<h3 class=\"tb-title\"> <\/h3><div class=\"tb-content\"><p> <\/span><span style=\"font-size: medium;\">Le projet d\u2019\u00e9tablissement de l\u2019\u00e9cole St Joseph a \u00e9t\u00e9 \u00e9crit par l\u2019\u00e9quipe p\u00e9dagogique \u00e0 la lumi\u00e8re du projet \u00e9ducatif\u00a0: <\/span><\/p>\n<p style=\"text-align: center;\" align=\"JUSTIFY\"><span style=\"font-size: medium;\"><b>\u00ab\u00a0GRANDIR ENSEMBLE\u00a0\u00bb<\/b><\/span><\/p>\n<p style=\"text-align: center;\" align=\"JUSTIFY\"><span style=\"font-size: medium;\">Il s\u2019agit de traduire en objectifs et en actions concr\u00e8tes les valeurs et les finalit\u00e9s de notre projet \u00e9ducatif. En coh\u00e9rence avec ce dernier, notre projet d\u2019\u00e9tablissement vise le d\u00e9veloppement intellectuel, spirituel et humain de chacun.<\/span><\/p>\n<p style=\"text-align: center;\" align=\"CENTER\"><span style=\"font-size: medium;\"><u><b>UN CARACTERE PROPRE VECU TOUT AU LONG DE L\u2019ANNEE<\/b><\/u><\/span><\/p>\n<p style=\"text-align: center;\" align=\"JUSTIFY\"><span style=\"font-size: medium;\">Au niveau de la pastorale, nous souhaitons vivre pleinement notre caract\u00e8re propre tout au long de l\u2019ann\u00e9e scolaire.<br \/>\nCelle-ci est rythm\u00e9e par les f\u00eates du calendrier liturgique. Des c\u00e9l\u00e9brations en l\u2019\u00e9glise de Viriat ont lieu trois fois dans l\u2019ann\u00e9e pour f\u00eater la\u00a0<\/span><span style=\"font-size: medium;\">rentr\u00e9e, pour c\u00e9l\u00e9brer No\u00ebl et notre St Patron, Joseph.<br \/>\nElles regroupent tous les \u00e9l\u00e8ves de l\u2019\u00e9tablissement et repr\u00e9sentent un temps de coh\u00e9sion important pour notre communaut\u00e9 \u00e9ducative.<br \/>\nCes c\u00e9l\u00e9brations sont pr\u00e9par\u00e9es par l\u2019\u00e9quipe p\u00e9dagogique et les pr\u00eatres de la Paroisse.<br \/>\nFamilles, personnels Ogec, amis de l\u2019\u00e9cole et paroissiens y sont les bienvenus.<br \/>\nChaque ann\u00e9e, la f\u00eate des Illuminations en l\u2019honneur de Marie rassemble toute notre communaut\u00e9 \u00e9ducative pour un temps convivial.<\/span><\/p>\n<p style=\"text-align: center;\" align=\"JUSTIFY\"><span style=\"font-size: medium;\">A l\u2019\u00e9cole St Joseph, une heure suppl\u00e9mentaire au temps scolaire est d\u00e9di\u00e9e \u00e0 la cat\u00e9ch\u00e8se et \u00e0 la culture chr\u00e9tienne. Le cat\u00e9chisme a ainsi lieu \u00e0 l\u2019\u00e9cole.<br \/>\nIl est assur\u00e9 par les P\u00e8res r\u00e9f\u00e9rents de la paroisse et des cat\u00e9chistes b\u00e9n\u00e9voles.<br \/>\nEnfin, toute l\u2019\u00e9quipe p\u00e9dagogique a \u00e0 c\u0153ur de transmettre des valeurs \u00e9vang\u00e9liques comme le pardon, le partage et la charit\u00e9.<\/span><\/p>\n<p style=\"text-align: center;\" align=\"CENTER\"><span style=\"font-size: medium;\"><u><b><br \/>\nVIVRE ENSEMBLE A L\u2019ECOLE ST JOSEPH\u00a0:<br \/>\nRESPECTER, ECHANGER, PARTAGER<\/b><\/u><\/span><\/p>\n<p style=\"text-align: center;\"><span style=\"font-size: medium;\">Apprendre \u00e0 vivre ensemble passe d\u2019abord par le respect du r\u00e8glement int\u00e9rieur de\u00a0<\/span><span style=\"font-size: medium;\">l\u2019\u00e9cole, cadre commun pour toute la communaut\u00e9 \u00e9ducative. Il est \u00e9labor\u00e9 en conseil des ma\u00eetres, relu et valid\u00e9 chaque ann\u00e9e.<br \/>\nLa qualit\u00e9 de la relation est un deuxi\u00e8me point important pour bien vivre ensemble.<br \/>\nUn lien Ecole\/Famille solide, respectueux et confiant est entretenu afin que l\u2019\u00e9l\u00e8ve soit entour\u00e9 dans ses deux espaces de vie principaux par des personnes bienveillantes et coh\u00e9rentes.<br \/>\nPour cela, l\u2019\u00e9quipe p\u00e9dagogique sait se montrer disponible pour \u00e9changer avec les \u00e9l\u00e8ves durant le temps scolaire et sur rendez-vous avec leurs parents.<\/span><\/p>\n<p style=\"text-align: center;\">Vivre ensemble \u00e0 l&#8217;\u00e9cole St Joseph, c&#8217;est aussi partager des projets et des temps festifs avec toute la communaut\u00e9 \u00e9ducative.<br \/>\nLa f\u00eate des illuminations, l&#8217;arbre de No\u00ebl, la f\u00eate de fin d&#8217;ann\u00e9e sont autant de moment de joie v\u00e9cus dans notre \u00e9cole.<\/p>\n<p style=\"text-align: center;\">Enfin, les actions solidaires men\u00e9es chaque ann\u00e9e, les c\u00e9l\u00e9brations, la f\u00eate de la St Joseph repr\u00e9sentent \u00e9galement des rendez-vous importants pour que les divers membres de notre communaut\u00e9 \u00e9ducative vivent ensemble.<\/p>\n<p style=\"text-align: center;\"><strong><span style=\"font-size: medium;\"><u><b>L&#8217;ELEVE AU COEUR DE NOTRE MISSION PEDAGOGIQUE<\/b><\/u><\/span><\/strong><\/p>\n<p style=\"text-align: center;\">Au niveau de la p\u00e9dagogie, il s&#8217;agit d&#8217;abord de prendre en compte les besoins et les parcours de tous les \u00e9l\u00e8ves, le but recherch\u00e9 \u00e9tant le progr\u00e8s de chacun.<\/p>\n<p style=\"text-align: center;\"><span style=\"font-size: medium;\">Ainsi, des parcours personnalis\u00e9s peuvent \u00eatre propos\u00e9s au besoin (Programme Personnalis\u00e9 de R\u00e9ussite Educative, Activit\u00e9s P\u00e9dagogiques Compl\u00e9mentaires, temps de rem\u00e9diation avec l\u2019enseignante sp\u00e9cialis\u00e9e\u2026) et du mat\u00e9riel sp\u00e9cifique peut \u00e9galement \u00eatre mis \u00e0 disposition (guide doigts, guide ligne, livres dys, timer, coussin dynamique\u2026).<\/span><\/p>\n<p style=\"text-align: center;\">Pour aider les \u00e9l\u00e8ves \u00e0 progresser, l&#8217;\u00e9quipe p\u00e9dagogique a choisi de mettre l&#8217;accent sur le &#8220;Comment apprendre ?&#8221; en transmettant aux \u00e9l\u00e8ves des outils et des m\u00e9thodes issus de la gestion mentale.<\/p>\n<p style=\"text-align: center;\"><span style=\"font-size: medium;\">Les apprentissages construits avec les \u00e9l\u00e8ves sont privil\u00e9gi\u00e9s afin qu\u2019ils soient acteurs de leurs apprentissages : situation probl\u00e8me, prise en compte des repr\u00e9sentations initiales, traces \u00e9crites \u00e9labor\u00e9es avec les \u00e9l\u00e8ves, expression par les \u00e9l\u00e8ves de leur d\u00e9marche de compr\u00e9hension, exp\u00e9rimentation et manipulation.<\/span><\/p>\n<p style=\"text-align: center;\">De plus, pour renforcer certaines comp\u00e9tences chez nos \u00e9l\u00e8ves, des apprentissages sont ritualis\u00e9s afin de proposer un entra\u00eenement court mais quotidien aux enfants (dict\u00e9e flash, jogging d&#8217;\u00e9criture, d\u00e9nombrement, analyse grammaticale, calcul mental&#8230;)<\/p>\n<p style=\"text-align: center;\"><a name=\"Bookmark\"><\/a><span style=\"font-size: medium;\">Enfin, la reconnaissance des besoins corporels et \u00e9motionnels des \u00e9l\u00e8ves est int\u00e9gr\u00e9e \u00e0 notre p\u00e9dagogie. D\u00e8s lors, le vocabulaire des \u00e9motions est inculqu\u00e9 aux \u00e9l\u00e8ves d\u00e8s la maternelle et des temps pour se recentrer (exercices de relaxation) sont pratiqu\u00e9s dans les classes pour permettre au corps, et notamment au cerveau de faire une pause pour mieux repartir\u2026<\/span><\/p>\n<\/div>\t\t\t\t\t<\/div>\n\t\t\t\t\t<\/div>\n\t\t\n    [\/vc_column_inner][\/vc_row_inner][\/vc_column][\/vc_row]<\/p>\n<p style=\"text-align: center;\" align=\"JUSTIFY\">\n<p style=\"text-align: center;\" align=\"JUSTIFY\">\n","protected":false},"excerpt":{"rendered":"<p>[vc_row css=&#8221;.vc_custom_1464939189923{padding-top: 72px !important;padding-bottom: 63px !important;background-position: center !important;background-repeat: no-repeat !important;background-size: cover !important;}&#8221; el_class=&#8221;jws_service_page&#8221;][vc_column][vc_empty_space height=&#8221;60px&#8221;][vc_row_inner][vc_column_inner el_class=&#8221;service_item_1&#8243;][\/vc_column_inner][\/vc_row_inner][\/vc_column][\/vc_row]<\/p>\n","protected":false},"author":1,"featured_media":0,"parent":0,"menu_order":0,"comment_status":"closed","ping_status":"closed","template":"","meta":{"footnotes":""},"_links":{"self":[{"href":"http:\/\/www.ecolestjosephviriat.fr\/index.php?rest_route=\/wp\/v2\/pages\/5034"}],"collection":[{"href":"http:\/\/www.ecolestjosephviriat.fr\/index.php?rest_route=\/wp\/v2\/pages"}],"about":[{"href":"http:\/\/www.ecolestjosephviriat.fr\/index.php?rest_route=\/wp\/v2\/types\/page"}],"author":[{"embeddable":true,"href":"http:\/\/www.ecolestjosephviriat.fr\/index.php?rest_route=\/wp\/v2\/users\/1"}],"replies":[{"embeddable":true,"href":"http:\/\/www.ecolestjosephviriat.fr\/index.php?rest_route=%2Fwp%2Fv2%2Fcomments&post=5034"}],"version-history":[{"count":14,"href":"http:\/\/www.ecolestjosephviriat.fr\/index.php?rest_route=\/wp\/v2\/pages\/5034\/revisions"}],"predecessor-version":[{"id":5063,"href":"http:\/\/www.ecolestjosephviriat.fr\/index.php?rest_route=\/wp\/v2\/pages\/5034\/revisions\/5063"}],"wp:attachment":[{"href":"http:\/\/www.ecolestjosephviriat.fr\/index.php?rest_route=%2Fwp%2Fv2%2Fmedia&parent=5034"}],"curies":[{"name":"wp","href":"https:\/\/api.w.org\/{rel}","templated":true}]}}